 = -3*g. Let j be (4/6)/((-15)/(-90)). What is the greatest common factor of j and v?
4
Let a be 274614/60 - (-38)/380. What is the highest common divisor of a and 69?
23
Let u = 63 + -57. Suppose 31 = u*m - 5. Suppose m*f - 47 = 133. Calculate the highest common factor of f and 330.
30
Let t(l) = 3*l**2 - 6*l + 89. Let i be t(10). Let x = -298 + i. Calculate the greatest common factor of x and 248.
31
Let u = 1434 + -1402. Let w be (-2)/(-3)*(-144)/(-4). What is the highest common divisor of u and w?
8
Suppose -5119 = v + p, -2*v - 7*p - 10244 = -3*p. Let a = -9581 - v. Let u be a/(-45) - (-2)/(-9). Calculate the highest common divisor of u and 11.
11
Let p be (1 + 2)/((-3)/6*2). Let o = 49 - p. Calculate the greatest common divisor of o and 52.
52
Let v(t) = -10*t**3 - 5*t**2 - 81*t - 365. Let i be v(-5). Calculate the highest common divisor of 2 and i.
1
Let b be 3 - (-4)/(-6)*-27. Let v be 393/b + (-6)/(-21). Let r = -64 - -83. Calculate the highest common factor of r and v.
19
Suppose 168 = 5*z - 4*o + 973, 3*z + 481 = 2*o. Let y = -110 - z. Calculate the greatest common divisor of y and 141.
47
Let r = 61 - 41. Suppose -5*a - 23 = 57*h - 60*h, -4*a = h - 36. Calculate the greatest common divisor of h and r.
4
Suppose 7*h - 9*h = 2*r - 5314, -10616 = -4*r - 2*h. Calculate the greatest common divisor of r and 2169.
241
Suppose 0 = y - 2*h - 4, 5*y - 2*h + 16 = -4*h. Let s be (1 - (5 + y))*-20. Let n be ((-76)/10 - 8/20)*-2. Calculate the highest common factor of n and s.
8
Let z be -8 - (0 - 3) - -21. Let r be (0 - 8)*z/(-32). What is the greatest common factor of r and 14?
2
Let w be 5/(12 + -67) - (-424)/(-11)*-2. Suppose 4*n - 3*n = 11. What is the greatest common divisor of n and w?
11
Let u = 119 + -194. Let x be (-5)/(u/(-12))*(-1320)/2. Calculate the greatest common divisor of x and 33.
33
Let a be 5 + (-3)/4*4. Suppose 5 = a*f - f, s + 3*f = 39. What is the greatest common factor of s and 12?
12
Let n = 24176 + -23678. Calculate the highest common divisor of n and 4316.
166
Let n = 906 - -323. Suppose -5*i + n - 184 = -q, -i = 4*q - 230. Calculate the highest common divisor of 42 and i.
42
Let p(o) = -7*o - 3*o**2 - o**2 + 3*o**2 + 11 - 19. Let x be p(-3). Suppose x*b = 3*b + 2, 0 = -5*t + b + 58. What is the greatest common factor of 60 and t?
12
Suppose -2*o = v - 6*o - 146, -o + 482 = 4*v. Calculate the greatest common divisor of v and 7991.
61
Let l(u) = u**3 - 3*u**2 - u + 3. Let i be l(0). Let v = i + 1. Calculate the highest common divisor of v and 52.
4
Let s(o) = -o**2 + 11*o + 31. Let j be s(12). Suppose -5*y - j = -49. Let w = -72 + 144. What is the highest common divisor of w and y?
6
Let t(z) = 18*z**2 + 25. Let x be t(6). Let w = x - 629. What is the greatest common divisor of w and 77?
11
Suppose 3*m = 6, 11*m - 6*m - 280 = -r. Calculate the highest common factor of 690 and r.
30
Let r(a) = -3*a - 4. Let w be r(-6). Suppose w + 5 = n. Suppose -43 - 52 = -5*i. What is the highest common factor of i and n?
19
Suppose 27 = x + 2*x + 3*o, -3*x = -2*o - 42. Suppose -7*g + 555 = -x*g. Let j = 49 - g. What is the highest common divisor of j and 40?
40
Suppose -a + 3*p = 243 - 406, 0 = -5*a + 3*p + 803. What is the highest common factor of a and 760?
40
Let x be 5 + (0 - (16/(-4) + 5)). What is the highest common divisor of 1668 and x?
4
Suppose b = -5*z + 7004, -z + 135 = -b - 1261. What is the greatest common factor of 392 and z?
56
Suppose -979 = -4*f + 14*u - 11*u, 0 = -4*u + 12. Let b be (0 + 114/(-8))*-4. Calculate the highest common divisor of b and f.
19
Suppose 36 = 3*c - 27. Let v = -8 + c. What is the highest common divisor of 117 and v?
13
Let a be ((-52)/(-3))/((-194)/(-2328)). Let p be 12*(-8)/(-6) - 0. What is the highest common factor of a and p?
16
Let q(g) = g**3 - 9*g**2 + 17*g + 5. Let j be q(8). Suppose 0 = 2*h - 2*l - 42, -5*h = 3*l - 4*l - 109. Calculate the highest common divisor of j and h.
11
Let b(r) = 79*r**2 - 535*r - 16. Let z be b(8). What is the highest common divisor of 320 and z?
40
Suppose -31*v = -11*v - 8580. Let b = -349 + v. Calculate the greatest common divisor of b and 4.
4
Suppose 4*d = -2*u + d + 73, 5*d = -u + 54. Let c = u + -25. Let b be (6/c)/(24/160). What is the highest common factor of b and 10?
10
Let s = 41 - -5. Suppose 7*t - 10*t = -3*v - 120, 4*t + 148 = -3*v. Let d = v + s. Calculate the highest common divisor of d and 16.
2
Let m(h) = 165*h + 1100. Let b be m(-5). Calculate the greatest common factor of b and 11.
11
Let n = 58 + -22. Let f(u) = 56*u - 84. Let r be f(6). Suppose r = 292*q - 278*q. Calculate the highest common divisor of q and n.
18
Suppose 450 + 1005 = 49*i - 113. What is the highest common factor of i and 24?
8
Suppose -9*i + 11*i - 18354 = -5*c, -9183 = -i - 4*c. What is the greatest common factor of i and 206?
103
Suppose 0 = -4*i - f + 131, -3*i = i - 4*f - 136. What is the greatest common divisor of 319 and i?
11
Let z(g) = -g**2 + 18*g + 52. Let c be z(19). Let m(b) = 11*b**2 - 13*b + 15. Let k be m(2). What is the greatest common factor of c and k?
33
Suppose 187 = 33*b - 275. What is the highest common factor of b and 4739?
7
Suppose 208*f - 744344 = 704581 - 200093. What is the highest common factor of f and 4?
4
Let p(w) = 2*w + 17 + 11 - 34. Let t be p(4). Suppose 2*j - 3 = 9. Calculate the highest common divisor of t and j.
2
Let u(k) = 8*k - 23. Let b be u(-4). Let v be 4/(b/15 - -5). Calculate the greatest common divisor of v and 111.
3
Suppose -216 = -4*w - 4*i, 9*w - 2*i = 14*w - 273. What is the highest common factor of 11550 and w?
55
Suppose 12*s - 58 - 134 = 0. Let k = -57 - -24. Let q be (48/(-10))/(k/440). What is the highest common divisor of s and q?
16
Let u be (-186)/(-9) - (-4)/(-6). Suppose 5*o - 101 = -4*z, 3*z - 35 = 2*o + 35. Suppose 28*y - 20 = z*y. What is the greatest common factor of y and u?
5
Let r(a) = 36*a**3 + 28*a**2 - 115*a + 48. Let b be r(8). What is the highest common factor of b and 656?
328
Suppose -4*r = 4, w - 5 = -3*r + 5*r. Suppose 0 = -4*i - w*x + 1944, -4*x + 503 = i + x. Calculate the greatest common divisor of 21 and i.
21
Let w(n) = -2*n**3 - 48*n**2 - 181*n + 40. Let s be w(-20). Calculate the highest common divisor of s and 575.
115
Let q be (-28)/12*(-135)/15. Suppose -5*s - 27 = -b - 6*s, -b + s + q = 0. Calculate the highest common factor of 156 and b.
12
Let h = 13 + -9. Let v(f) = f**2 + 17*f - 63. Let n be v(-20). Let m be 5/h + n*1/12. Calculate the highest common factor of m and 8.
1
Suppose 0*u + 25*u - 2650 = 0. Suppose -31*q + u + 762 = 0. What is the highest common factor of 12 and q?
4
Let y be 2*(-7 + 6)/(-1). Let l be (-12)/8*2 - (y - 111). What is the highest common factor of l and 265?
53
Let d(f) = f - 1. Let s = 122 + -121. Let p(q) = -35*q + 2. Let x(u) = s*p(u) + 3*d(u). Let l be x(-2). Calculate the greatest common factor of l and 9.
9
Let s(i) = 130*i - 30. Let d be s(5). Let g = d + -341. Calculate the greatest common divisor of g and 9.
9
Suppose -13*b - 36 = -192. Let s = -1675 - -1731. Calculate the highest common divisor of s and b.
4
Suppose -5 = -3*m - 2*m, 0 = -3*z + m + 209. Let b = z - 31. Suppose s = -2*s + b. What is the greatest common divisor of 104 and s?
13
Let n = 389 - 386. Suppose 0 = n*f - 117 - 45. Calculate the greatest common divisor of f and 3.
3
Let m(q) = 2*q**2 + 22*q + 5. Let u be m(15). Let z = u - 534. Let d = -125 + z. What is the greatest common factor of 14 and d?
14
Let a(k) = -5*k + 22. Let s(u) = 5*u - 23. Let d(n) = -5*a(n) - 6*s(n). Let w be d(3). Calculate the highest common factor of w and 52.
13
Let d = 5384 + -5361. What is the highest common divisor of 6463 and d?
23
Suppose -3*u + 4*h = -14527, -h = 5*u - 6270 - 17934. What is the highest common factor of 47 and u?
47
Let d = -7340 + 12944. Calculate the greatest common factor of 24 and d.
12
Suppose 263*u - 262*u - 5 = 0. Suppose -u*o - 31*o + 7308 = 0. Calculate the highest common factor of 14 and o.
7
Let o be (-82)/16 + 14/112. Let x be -1 + (-1)/o - 28770/(-525). What is the greatest common divisor of x and 27?
27
Suppose 132*v = 1407879 + 890665 - 659368. What is the greatest common divisor of v and 14?
14
Suppose -5*x = 4*w + 616, -14*w + 5*x = -12*w + 308. Let h be ((